 d = -14648 + 14653. Calculate the greatest common factor of d and 22565.
5
Let q be 7 + 132/(-18) - (-21)/9. Suppose 71 = w - 3*t + 13, 144 = q*w + t. Calculate the greatest common divisor of w and 14.
14
Let q = 6213 - 4731. What is the highest common divisor of q and 114?
114
Suppose -1480176 = -18*c - 12*c - 18*c. What is the greatest common divisor of 38 and c?
19
Let p(b) = -b + 28. Let z be p(-5). Let w be 6/9 + (-34)/6. Let x = w - -137. Calculate the highest common factor of z and x.
33
Suppose 11*f + 45*f - 1568 = 0. Let y = 201 - 19. What is the greatest common factor of y and f?
14
Let d be 2368/10 - (-5)/25. Let o = -93 + d. Suppose -3*s = 5*s - o. What is the greatest common divisor of 27 and s?
9
Suppose -10*t + 25 + 5 = 0. Suppose 5*v + 5*k - 630 = 0, t*k - 161 = -v - 31. What is the highest common divisor of v and 93?
31
Suppose y + 386 = 5*m, -33*m - 74 = -34*m + y. What is the highest common divisor of m and 24?
6
Let z(r) = -r**3 + 6*r**2 - 3*r + 80. Let g = -271 - -278. Let y be z(g). Calculate the highest common divisor of y and 520.
10
Let l = 11125 - -813. Calculate the highest common divisor of 94 and l.
94
Let q(d) = -5*d**3 + 60*d**2 - 50*d - 14. Let j be q(11). Calculate the greatest common divisor of 2501 and j.
41
Let v be (2/(-10))/(8/20)*-16768. Calculate the greatest common factor of 32 and v.
32
Let j be 1/(-4) - 292/(-16). Let v(x) = 2*x**3 + 6*x**2 - 2*x + 4. Let k be v(-3). Let y be 58/k + (-4)/(-20). What is the highest common divisor of y and j?
6
Let m be (1/(-2))/((-7)/126). Let p be (-508)/(-11) - 4/22. Let s = p - 10. What is the greatest common factor of s and m?
9
Let d(z) = -z**3 - 5*z**2 + 14*z - 16. Let p be d(-7). Let a be (p/(-6))/((-36)/(-1296)). What is the highest common divisor of 36 and a?
12
Let q(l) = 5*l + 4. Let r(j) = j + 1. Let k(w) = 2*q(w) - 9*r(w). Let z be k(8). Suppose 0 = z*p - 26 + 19. What is the highest common divisor of p and 4?
1
Let g(t) = 4*t**2 - 33*t - 2. Let s be g(10). Let p(d) = d**2 + 22*d + 134. Let z be p(-9). Calculate the highest common divisor of z and s.
17
Let b = 51 + -38. Let t = b + -8. Suppose -t*w + 11 = 3*r, -5*r + w + 9 = -0*r. Calculate the greatest common factor of 8 and r.
2
Suppose 3*v = -3*u + 1758, 6*v + 382*u - 385*u - 3462 = 0. What is the highest common factor of v and 2465?
145
Let z be (-2)/(-5)*(-15675)/(-330). Let f = -32 + 63. Let u = f + -12. Calculate the highest common factor of u and z.
19
Let h be 10/((-13)/(-6) - 2). Let y(q) = 82*q**2 - 25*q + 23. Let x be y(1). Calculate the greatest common factor of h and x.
20
Let r be (-1)/(-6*383/1148 + (-3 - -5)). What is the highest common factor of r and 336?
14
Let h(p) = -p**2 - p + 63. Let n be h(12). Let d = n - -170. Let v be 31/3 - 2/(-3). Calculate the highest common factor of v and d.
11
Let v = -8949 + 9012. Calculate the greatest common divisor of v and 117.
9
Let y = -11 + 29. Suppose -y*c + 15*c + 3 = 0. Let p be ((-8)/(-6))/(9/2052) + c. Calculate the highest common divisor of 61 and p.
61
Suppose -75 = 64*l - 79*l. Suppose l*y - 42 = 2*i + 5, -2*y + 17 = i. Calculate the highest common factor of 81 and y.
9
Let j be 12*(14180/60 - -19). Calculate the highest common factor of 8 and j.
8
Suppose 134*k - 27813 - 3945 = 0. Calculate the highest common factor of 10981 and k.
79
Suppose -605 = -25*r + 20*r. Suppose 0 = 26*l - 27*l - 79. Let z = l + r. Calculate the greatest common factor of z and 6.
6
Let y be (-20)/(-6) - (-733200)/2115. Calculate the highest common factor of y and 8.
2
Suppose a - 12 = 8. Let o(h) = -3*h**3 + 75*h**2 + 11*h - 15. Let f be o(25). Suppose 100 = 12*x - f. What is the greatest common divisor of a and x?
10
Let n be (-2)/(-9)*(63 - 45). What is the highest common divisor of 338 and n?
2
Let g be (6/6)/((-2)/(-102)). Let x = 2 - -51. Let w = -19 + x. Calculate the highest common factor of w and g.
17
Suppose 0*w - 2*w = -5*n + 121, 4*w + 35 = n. Let c be (-7)/(21/(-9)) + -10. Let p be 188/1 - (c + 11). What is the highest common divisor of n and p?
23
Let p be (-1)/2 - 13/(-2). Let v be 378/84*((-7)/9 - -1)/((-83)/(-3984)). What is the greatest common factor of v and p?
6
Let x be (-1)/(12/(-4))*6. Suppose -7*k + 11*k = -12. Let w be ((-10)/x - -1)*(k - 2). What is the highest common factor of 180 and w?
20
Let s(g) = g**2 + 16*g + 29. Let x be s(-14). Let n(a) = 23*a - 11. Let q be n(x). Calculate the highest common divisor of q and 318.
6
Let r(u) = u**2 + 26*u - 597. Let t be r(-41). What is the greatest common divisor of t and 10539?
9
Let i(a) = -a**2 + 175*a - 3076. Let q be i(20). Suppose -5*t = -t - 192. What is the highest common factor of t and q?
24
Suppose -261*v = -267*v + 24. Let g be (-1332)/(-36) - (-1 + v). Suppose -5*o - 425 = -10*o. What is the greatest common divisor of g and o?
17
Let l(n) = -3*n. Let a be l(1). Let o be -3 + a + 4/4. Let c be (o/10)/((-4)/16). Calculate the greatest common factor of c and 2.
2
Suppose -8265 = -5*t - 4*a, -98*a + 100*a + 1653 = t. Calculate the greatest common factor of 38 and t.
19
Let t be (-6)/24*9328/(-4). What is the highest common divisor of 187 and t?
11
Let q(n) = n**2 - 26*n - 54. Let s be q(28). Suppose 11 - 43 = -s*g + 3*h, 4*h - 104 = -4*g. What is the highest common factor of g and 198?
22
Let c(v) = 3*v + 36. Let b be c(7). Suppose -13*w = -2*w - 5016. Calculate the highest common divisor of w and b.
57
Let j(i) = 3*i - 7. Let k be j(7). Let h be 13/(455/30)*k. Suppose 4*q - h = -b, -3 = 3*q - 4*b + 7. Calculate the highest common factor of q and 22.
2
Let t(a) = a**3 - 5*a**2 - 2*a. Let o be t(6). Let b be (-2)/(-7) + 40/56. Let u be 3 + (b - (-215 + 3)). Calculate the highest common divisor of o and u.
24
Suppose -26*j + 24*j = -4. Suppose -7*h = -j*h + 25. Let p(q) = q**3 + 7*q**2 + 10*q + 15. Let n be p(h). Calculate the highest common divisor of 6 and n.
3
Let a(o) = 5*o + 10. Let i(n) = -n + 4. Let c be i(6). Let z be a(c). Suppose 3*p + z = 12. What is the greatest common factor of 12 and p?
4
Let m be -125*4/50*-3155. Calculate the greatest common divisor of 10 and m.
10
Let j be (-2342)/(-18) - 6/54. Calculate the highest common factor of 4615 and j.
65
Suppose -50*j + 48*j + 5*q = -1691, j = 2*q + 842. Calculate the greatest common divisor of j and 2346.
138
Let i = 9 - 2. Suppose -2*q = -i*q + p - 153, 0 = q + 4*p + 18. Let t = q + 43. Calculate the highest common divisor of t and 143.
13
Let j = -348 - -592. Suppose 121*k + 39*k - 48800 = 0. What is the greatest common divisor of k and j?
61
Let c(y) = y**2 + 4*y + 2. Let q be c(-13). Let x = q - -35. Calculate the highest common factor of x and 539.
77
Let l(y) = 2*y**3 - 5*y**2 + 5*y + 5. Let b be l(5). Suppose -b*n + 161*n - 2700 = 0. Calculate the highest common divisor of n and 18.
18
Let n(f) = 8*f - 10. Suppose 0 = m + 3*m - 8. Let g be n(m). Calculate the greatest common divisor of g and 66.
6
Suppose 0 = 2*d + 4*b - 420, -b = 11 - 14. What is the highest common factor of d and 108?
12
Let r = 17238 - 16888. What is the greatest common factor of 2950 and r?
50
Suppose 6*g = -29*g + 175. Suppose -d + 84 = -0*d + 3*c, -g*c - 124 = -2*d. Calculate the highest common factor of 48 and d.
24
Let a(q) = 34*q + 22. Let j be a(29). Suppose j = 10*x - 2*x. Suppose 0 = t - 7 - 11. What is the highest common factor of t and x?
18
Let g = 2260 - 860. What is the greatest common factor of g and 200?
200
Suppose 3*t + 5*g = 545, -g = 2*t - 4*t + 372. Suppose 5*s = 3*m - 86, 5*m - 5*s = 3263 - 3103. What is the greatest common factor of t and m?
37
Let w(d) = -d + 7. Let u be w(-3). Let j(t) = 189*t - 32. Let s be j(2). Let q = 486 - s. Calculate the highest common factor of q and u.
10
Let b = -927 + 4974. What is the greatest common divisor of 57 and b?
57
Let g be 6 - 143/(-13) - -154. Calculate the greatest common factor of g and 931.
19
Let q be (-16)/6*8/(8/3). Let a be q*-1*(-12)/(-4). Suppose 0 = -34*b + 14*b + 160. What is the greatest common factor of b and a?
8
Suppose 5*a + 3*m = -7, 4*a + 15 = -5*m - 1. Let c be a/6 + (-179)/(-6). Suppose 0 = -55*u + 60*u - 450. Calculate the greatest common factor of u and c.
30
Let u(l) = -2*l - 70. Let r be u(-35). Let a(p) = -p**3 - p**2 + 5*p + 3. Let h be a(r). Calculate th